ate 9 - (0 + 17 - 9).
1
Calculate -10 + 12 - (-1 + (1 - -4)).
-2
5 + -2 + -1 + 2
4
Calculate 6 + (-1 - (2 - 1)).
4
Calculate -1 - (-1 + (-5 - -4 - -6)).
-5
8 - 7 - (-1 + 5)
-3
Evaluate 0 - (-3 + -3 + (6 - 3)).
3
What is the value of -10 - -8 - -5 - (0 - 4)?
7
Evaluate 2 + (-2 - (-3 - -1)) + -3.
-1
What is -6 + -8 + 10 - -11?
7
What is the value of -2 + -1 + 2 + -1?
-2
3 + -7 + 3 + 1
0
-2 - ((8 - 1) + -9)
0
What is -4 + 5 + (1 + -7 - -3)?
-2
Calculate 3 - (9 - 5) - (-3 - -1).
1
What is the value of -1 - (-3 - ((0 - 0) + -2))?
0
What is 3 - ((-5 - -8) + 2)?
-2
Calculate 0 + -2 + 2 + -3.
-3
What is 4 + -3 + 0 + -4?
-3
Calculate 3 - (-5 - -6) - -2.
4
Calculate 2 + 5 + 1 + -4 - -1.
5
Calculate -1 + (1 - (-1 + -1)) - 6.
-4
Evaluate (-11 - -13 - 8) + 9.
3
What is 96 + -83 - (11 + 0)?
2
Evaluate 1 - (3 + -4 + 3) - 2.
-3
What is the value of 7 + (7 - 17 - -7)?
4
Evaluate 1 - 6 - 4 - -16.
7
Calculate -6 - (-2 + -4 + 4).
-4
What is 1 - (5 - (7 - 1))?
2
What is the value of (10 - 2 - (-2 - -5)) + -3?
2
What is the value of -9 + 0 + (-5 - (-10 + 4))?
-8
What is 7 - 6 - (1 - 2)?
2
Calculate 5 - ((4 - -8) + 2).
-9
What is 1 + -13 + (1 - -2)?
-9
What is 0 + 1 + (-6 - 0)?
-5
Calculate (-10 - (2 + -8)) + 0 + 1.
-3
What is -11 - -6 - 2 - 0?
-7
-7 + 4 + -1 - -6
2
7 + -7 + 0 + -1
-1
What is (-6 - -9 - (-1 + 0)) + -1?
3
What is the value of -6 + 7 + -2 + 4?
3
What is the value of 65 + -82 - (-2 - 7)?
-8
4 + (-8 + 4 - 1)
-1
0 - (-3 + (2 - (-2 - -2)))
1
Evaluate (3 - 3 - -8) + -14.
-6
What is the value of -6 - -4 - (-1 + 4)?
-5
What is the value of -12 - -12 - (1 - 4 - -1)?
2
Evaluate (1 - 1 - -3) + 7.
10
What is 2 - (-10 + 3 + 10 - 10)?
9
0 + -3 + (1 - -7)
5
What is the value of -10 - -10 - (-15 - -5)?
10
-10 + 6 - 3 - (7 + -6)
-8
Evaluate 3 + -12 + (3 - 3) + 8.
-1
Calculate -6 - (4 + -11 - -5).
-4
(-6 - -1) + -7 + 0 + 12
0
Evaluate -6 + 2 + -1 + 9.
4
Calculate (-1 - -2) + 2 - 3.
0
Evaluate -3 + 7 + -2 + (0 - -3).
5
-1 + 2 + 0 + -5 - 1
-5
What is -1 + 12 + -2 - 7?
2
Calculate -2 - (1 + -5 + -4).
6
Evaluate 3 + (-5 - (1 + -2)).
-1
What is 6 - (8 + (14 - 6) + -7)?
-3
What is 5 + 0 - (45 - 38)?
-2
What is the value of -3 + 1 + -5 + -3 + 10?
0
What is the value of -1 + (-24 + 16 - (-1 + -5))?
-3
Evaluate 13 + -12 + (-2 - 2).
-3
What is the value of 10 + -7 + 8 + -11?
0
What is the value of 2 - 5 - -3 - -1?
1
(-2 + 2 - (-3 + -1)) + -6
-2
What is the value of 0 + (4 - 1) - 1?
2
75 - 68 - (2 + (-2 - 0))
7
What is 2 - 13 - (7 + -13)?
-5
Calculate (9 - 4) + 0 + 1.
6
-7 + (3 - -3) + 9
8
What is the value of 0 - -11 - 17 - (-1 + -5)?
0
(-4 - -4 - 6) + -1 + 5
-2
3 + -2 + (2 - 4)
-1
Evaluate 7 - (6 + -20 - -26).
-5
What is the value of (-1 + 4 - 4) + -1?
-2
What is the value of (9 - 1) + (-5 - 14 - -5)?
-6
-2 - (1 - -3) - (-6 - 2)
2
Evaluate 6 - (0 - (-1 + -2)).
3
Evaluate 2 + (1 - (-2 - (-4 - 6))).
-5
What is (10 - (9 + 4)) + 8?
5
Evaluate -3 + -4 - -9 - 0.
2
Calculate -5 - 0 - (15 + (-5 - 7)).
-8
What is the value of -4 + 5 - (-6 + 4)?
3
Evaluate (8 - 4) + 1 + -11.
-6
What is the value of 10 + -14 + 7 + 0?
3
-11 + 4 - -5 - -4
2
Calculate 7 + (2 + 7 + -10 - 15).
-9
What is -1 - -6 - 8 - -2 - -6?
5
What is (3 - (-6 + 12)) + -1?
-4
Calculate 1 + -3 + -4 - -3.
-3
Calculate 5 - -7 - (13 - 5) - -1.
5
9 - (2 + (10 - 0))
-3
What is 4 - (3 - 1) - 3 - 2?
-3
Calculate 2 + (3 - (5 - 1)).
1
Calculate 0 - 1 - (4 - (0 - -1)).
-4
What is (2 - 3) + 2 + 1 + 2?
4
(-1 - 2) + 0 + 0
-3
(-1 - -1 - (0 - -5)) + 3
-2
Evaluate (0 - ((-4 - -1) + -5)) + -7.
1
What is the value of -1 + (0 + 0 - -3) + 1?
3
What is the value of 14 + (7 + -22 - -7)?
6
What is -3 - (6 - 10 - -5 - -3)?
-7
Evaluate (9 + 1 - 2) + (22 - 27).
3
(-4 - (3 - 4)) + 8
5
(-83 - -72) + 3 + 1
-7
Calculate -12 + 5 - -7 - 5.
-5
(-15 - -14) + (2 - -4)
5
(4 - 9) + (5 - 0)
0
What is the value of 15 - 15 - (2 - 5)?
3
5 - 2 - (-3 - 0)
6
Calculate 6 - (10 - (2 + -6 + 3)).
-5
What is the value of -6 + (2 - (2 + -5 - -5))?
-6
Calculate (3 - 2) + (1 - 4) - 1.
-3
Evaluate (2 - 5) + -1 - 3.
-7
Calculate 1 - (6 + 6 + -11).
0
Calculate (3 - 6) + 8 + -3.
2
(4 - ((6 - 3) + -3)) + 0
4
What is 10 - (5 + (-4 - 0) - -2)?
7
Calculate 1 - ((-1 - 1) + -24 + 30).
-3
(2 - 4 - 1) + 1
-2
What is the value of -3 + 7 + -13 - (0 + -4)?
-5
Calculate -3 + (7 - 0) + -2 - -2.
4
Calculate -9 + 4 + 0 + 5.
0
(7 - 0) + 5 + -7
5
Calculate -13 + 3 - -5 - -11.
6
What is the value of -2 + (-5 - -6) + 0?
-1
12 + (-4 - -5) + -9
4
What is the value of 5 + (-3 - 1 - 0) - -3?
4
What is (-8 + 5 - 1) + 1 + 0?
-3
Calculate 2 + 7 + -9 + -3.
-3
What is the value of 41 + -44 - (-2 + 0 - 0)?
-1
What is the value of 6 + (-10 + 3 + 1 - -2)?
2
Calculate -82 + 80 + (1 - -1 - -1).
1
What is the value of -1 - -2 - 3 - (2 + -4)?
0
What is the value of -1 + 11 + (80 - 87) + 5?
8
What is -7 + 0 - (7 - (1 - -4))?
-9
Calculate 3 + -5 + (-3 - 6) + 3.
-8
What is the value of -8 + 7 + -11 + 6?
-6
What is 2 + -7 + (10 - 4)?
1
What is (2 - (1 + -1)) + -261 + 268?
9
Evaluate (-1 - 2 - (17 + -13)) + 7.
0
Calculate -5 - 1 - -5 - -5 - 0.
4
Evaluate -2 + (-6 - (-4 + -3 - -1)).
-2
Evaluate 7 + 1 + -1 + 18 + -24.
1
Calculate 9 - 9 - (0 + (1 - -3)).
-4
Evaluate 2 - (4 + 1 + -4 + 4).
-3
Evaluate -4 - (7 + -13 + 6 + 4).
-8
Evaluate 8 + -10 - (-1 - -3).
-4
What is 3 - (-5 + (7 - 4) + -6)?
11
Evaluate -2 + (-4 - (4 - 6)) + 5.
1
Calculate (-1 - -1) + 4 + (-7 - -2).
-1
Calculate -2 + -1 + -14 + 12.
-5
What is -9 - (-6 + (-11 - -10))?
-2
What is the value of (2 + 2 - 0) + (-5 - 0)?
-1
What is 0 + -1 + -68 + 64?
-5
Calculate -2 + 4 - (-4 + (-3 - -8)).
1
What is the value of (-2 + 7 - 2) + (103 - 99)?
7
What is the value of (0 - -11) + (-13 - -6)?
4
What is the value of 2 - (5 + -12 + 4)?
5
What is 0 - -1 - (-25 - -19)?
7
What is (-1 - 2) + 4 + 3?
4
Calculate 7 + -2 + (4 + -3 - 3).
3
(4 - 2 - -1) + -5
-2
What is the value of 9 + (-1 - (-3 - -7))?
4
Calculate 3 - (-2 + 6 + -3).
2
-2 - (4 + (3 - 10))
1
Calculate -1 - -3 - (0 - 0).
2
What is the value of 0 - 1 - ((3 - 8) + 1)?
3
What is the value of 1 + -4 - (4 + -4)?
-3
What is the value of -3 - -4 - (-1 - (-4 - -2))?
0
Calculate 7 - 4 - (3 + -1).
1
-29 + 13 - -13 - (3 - 1)
-5
Evaluate -8 + 15 + -1 + -5.
1
Calculate 2 + 0 + 6 + -5 + 2.
5
What is the value of -28 + 25 - (-4 + -4 + 3)?
2
What is the value of 1 + -11 + 15 + 3?
8
What is (-4 - -12) + -14 + -5 + 11?
0
Evaluate 12 + -1 + -5 + -7.
-1
What is -47 - -43 - (-1 - (-1 + 1))?
-3
What is 1 + 2 + -6 + 1?
-2
What is -1 + -9 + 3 + -1?
-8
Calculate (-4 - -7) + 1 + -1.
3
What is the value of (1 - -1) + 2 + -7 + 2?
-1
Calculate -2 + (9 - -2) - (-4 + 8).
5
-3 + (4 - 1) - -5 - 5
0
Calculate (7 - (3 - -5)) + (-1 - -5).
3
Calculate (-7 - 7) + (7 - 1).
-8
What is the value of -16 - -10 - (2 + -4)?
-4
Calculate -3 + 0 - -3 - 3.
-3
Evaluate 19 - 27 - (1 + -2).
-7
Evaluate 1 + -8 + (-5 - -12) + -4.
-4
Calculate 0 - 2 - (-4 - (5 - 6)).
1
Calculate (3 - -4 - 8) + -2.
-3
10 - (5 + -2 + 6)
1
What is 0 - 2 - (-2 - -3)?
-3
-2 - (5 + (-1 - 2) + 1)
-5
What is the value of 8 + (-3 - (-2 + 2))?
5
Calculate -8 - (-7 + -3 + 3).
-1
Calculate -7 + 10 + (0 - 4) - 1.
-2
Calculate (-3 - -11) + (-12 - -7).
3
3 + (1 - 1) + 1 + -9
-5
What is the value of (1 - 0) + (2 - 4)?
-1
Calculate 6 + (-8 - 6 - -10).
2
What is the value of -23 + 18 + -1 + 4 - 3?
-5
Calculate 7 - (9 - -2) - (0 - 0).
-4
Calculate 0 - (2 + -5 + 9).
-6
What is -6 + (6 + -5 - -2)?
-3
-3 + -2 + 2 + (5 - 1)
1
What is the value of -2 + 3 - (4 + -3)?
0
What is -1 + -6 + (7 - 1)?
-1
Evaluate 2 + -7 - (-9 - 2).
6
What is the value of 2 - (-2 + 5 + -1) - -3?
3
(4 - 2 - -2) + (5 - 4)
5
What is the value of 2 - (1 + (4 + 2 - 0))?
-5
What is the value of -3 - 1 - (-1 + (-8 - -10))?
-5
Evaluate 0 + 5 - 11 - (1 - 0).
-7
What is the value of 0 - 8 - (0 - (1 - -2))?
-5
Calculate (-23 - -18) + (3 - 2) + 4.
0
What is the value of 4 + -4 + (2 - 3) - -3?
2
What is (-7 - -5) + 3 + 4 + 2?
7
What is the value of -62 + 68 + (-12 - (2 + -1))?
-7
What is -6 + 7 + -3 - -2?
0
Evaluate -4 + (-1 - -9) + (-1 - 3).
0
4 + (3 - (-12 - -12))
7
What is -5 + (0 - -2) - -4?
1
What is -12 - -11 - (1 - 7)?
5
-1 + 0 - 3 - (2 + -2)
-4
What is -5 + (4 - 7 - -5)?
-3
-2 - (-3 + 3 - 0)
-2
Calculate -10 + 16 + -5 - (10 + -2).
-7
What is the value of 3 + (-1 - -2 - (-29 - -29))?
4
0 - (-4 - (-4 + 1))
1
(0 - 1) + (-10 - -17 - 10)
-4